6
What is the ten thousands digit of 155925?
5
What is the hundreds digit of 5459972?
9
What is the thousands digit of 6378976?
8
What is the thousands digit of 252911?
2
What is the hundreds digit of 6663174?
1
What is the units digit of 421779?
9
What is the units digit of 75323?
3
What is the hundreds digit of 1903397?
3
What is the thousands digit of 3780789?
0
What is the units digit of 11490980?
0
What is the ten thousands digit of 7414373?
1
What is the units digit of 397644?
4
What is the ten thousands digit of 505579?
0
What is the ten thousands digit of 638069?
3
What is the ten millions digit of 12423631?
1
What is the thousands digit of 19598935?
8
What is the units digit of 34574811?
1
What is the hundred thousands digit of 5302655?
3
What is the hundreds digit of 3665146?
1
What is the units digit of 5563894?
4
What is the ten thousands digit of 160965?
6
What is the hundreds digit of 1208242?
2
What is the thousands digit of 6142801?
2
What is the thousands digit of 213384?
3
What is the units digit of 1598999?
9
What is the hundred thousands digit of 1453055?
4
What is the millions digit of 1665380?
1
What is the hundreds digit of 5333911?
9
What is the tens digit of 898465?
6
What is the hundred thousands digit of 4090000?
0
What is the tens digit of 112876?
7
What is the ten thousands digit of 395582?
9
What is the hundred thousands digit of 17376808?
3
What is the ten thousands digit of 35079361?
7
What is the hundred thousands digit of 121948?
1
What is the ten thousands digit of 2451677?
5
What is the hundreds digit of 673001?
0
What is the units digit of 3962088?
8
What is the units digit of 3234273?
3
What is the tens digit of 153405?
0
What is the thousands digit of 775407?
5
What is the millions digit of 3429512?
3
What is the thousands digit of 2505458?
5
What is the ten thousands digit of 843954?
4
What is the units digit of 694181?
1
What is the hundreds digit of 466065?
0
What is the hundred thousands digit of 494911?
4
What is the hundreds digit of 11851080?
0
What is the millions digit of 1014847?
1
What is the tens digit of 12705437?
3
What is the tens digit of 5957608?
0
What is the hundred thousands digit of 656107?
6
What is the ten thousands digit of 1517469?
1
What is the thousands digit of 94247?
4
What is the units digit of 2041358?
8
What is the units digit of 7136901?
1
What is the millions digit of 1574944?
1
What is the hundreds digit of 3091157?
1
What is the ten millions digit of 19570250?
1
What is the tens digit of 17138?
3
What is the hundred thousands digit of 21605914?
6
What is the tens digit of 205545?
4
What is the ten thousands digit of 79282?
7
What is the millions digit of 2253948?
2
What is the ten thousands digit of 2509349?
0
What is the thousands digit of 98240?
8
What is the thousands digit of 3944891?
4
What is the hundred thousands digit of 4619807?
6
What is the thousands digit of 147732?
7
What is the units digit of 70637?
7
What is the thousands digit of 3605905?
5
What is the hundreds digit of 557720?
7
What is the ten thousands digit of 33164?
3
What is the units digit of 1680980?
0
What is the thousands digit of 7248066?
8
What is the thousands digit of 40967?
0
What is the thousands digit of 335141?
5
What is the millions digit of 4199235?
4
What is the units digit of 2874423?
3
What is the tens digit of 873284?
8
What is the tens digit of 2595527?
2
What is the ten thousands digit of 74954?
7
What is the thousands digit of 66653?
6
What is the hundred thousands digit of 125993?
1
What is the ten thousands digit of 24443366?
4
What is the units digit of 309383?
3
What is the tens digit of 1233595?
9
What is the hundred thousands digit of 763424?
7
What is the millions digit of 2851749?
2
What is the ten thousands digit of 2320399?
2
What is the tens digit of 167994?
9
What is the ten thousands digit of 206496?
0
What is the units digit of 19509167?
7
What is the ten thousands digit of 12297892?
9
What is the units digit of 212465?
5
What is the millions digit of 6066237?
6
What is the thousands digit of 419180?
9
What is the thousands digit of 7125954?
5
What is the ten thousands digit of 108927?
0
What is the hundred thousands digit of 3214475?
2
What is the ten thousands digit of 2574097?
7
What is the ten thousands digit of 144602?
4
What is the tens digit of 357677?
7
What is the ten thousands digit of 619436?
1
What is the hundreds digit of 818222?
2
What is the ten thousands digit of 6106251?
0
What is the ten thousands digit of 64842?
6
What is the hundreds digit of 124888?
8
What is the thousands digit of 8140?
8
What is the tens digit of 5133168?
6
What is the hundreds digit of 36425?
4
What is the thousands digit of 63997?
3
What is the tens digit of 476834?
3
What is the thousands digit of 62371?
2
What is the tens digit of 14357465?
6
What is the hundreds digit of 884336?
3
What is the thousands digit of 21874?
1
What is the units digit of 1799033?
3
What is the units digit of 2831704?
4
What is the hundreds digit of 158841?
8
What is the units digit of 238980?
0
What is the millions digit of 4806317?
4
What is the tens digit of 16477154?
5
What is the tens digit of 1160121?
2
What is the thousands digit of 5195016?
5
What is the tens digit of 40414?
1
What is the hundreds digit of 363811?
8
What is the thousands digit of 650092?
0
What is the hundred thousands digit of 4442593?
4
What is the thousands digit of 73131?
3
What is the thousands digit of 3180252?
0
What is the ten thousands digit of 7766093?
6
What is the thousands digit of 538516?
8
What is the tens digit of 19550842?
4
What is the hundred thousands digit of 3726350?
7
What is the hundred thousands digit of 1494403?
4
What is the units digit of 443546?
6
What is the ten thousands digit of 5029390?
2
What is the hundreds digit of 2429008?
0
What is the thousands digit of 5827835?
7
What is the thousands digit of 13912396?
2
What is the units digit of 114073?
3
What is the ten millions digit of 10283184?
1
What is the thousands digit of 1106742?
6
What is the thousands digit of 1559610?
9
What is the hundreds digit of 28037880?
8
What is the tens digit of 650584?
8
What is the tens digit of 4426307?
0
What is the ten thousands digit of 31979?
3
What is the hundred thousands digit of 4058111?
0
What is the millions digit of 5389714?
5
What is the tens digit of 4728534?
3
What is the ten thousands digit of 13241085?
4
What is the hundred thousands digit of 288721?
2
What is the thousands digit of 388442?
8
What is the hundreds digit of 558481?
4
What is the hundreds digit of 790761?
7
What is the hundred thousands digit of 15076126?
0
What is the hundreds digit of 438712?
7
What is the ten thousands digit of 571699?
7
What is the hundreds digit of 4106219?
2
What is the ten millions digit of 11249173?
1
What is the ten thousands digit of 3483017?
8
What is the units digit of 14104170?
0
What is the hundred thousands digit of 11159928?
1
What is the hundred thousands digit of 13216052?
2
What is the thousands digit of 1195628?
5
What is the thousands digit of 3595508?
5
What is the units digit of 10455140?
0
What is the thousands digit of 167113?
7
What is the ten thousands digit of 8723270?
2
What is the tens digit of 6297265?
6
What is the hundreds digit of 2826387?
3
What is the thousands digit of 449361?
9
What is the units digit of 1003415?
5
What is the tens digit of 1856676?
7
What is the ten millions digit of 15287418?
1
What is the units digit of 156918?
8
What is the hundreds digit of 3821421?
4
What is the thousands digit of 3208556?
8
What is the thousands digit of 73828?
3
What is the hundred thousands digit of 578233?
5
What is the hundreds digit of 293707?
7
What is the units digit of 432749?
9
What is the ten thousands digit of 624226?
2
What is the hundred thousands digit of 531010?
5
What is the hundreds digit of 407462?
4
What is the ten thousands digit of 11708563?
0
What is the units digit of 7473165?
5
What is the thousands digit of 7506302?
6
What is the ten thousands digit of 124644?
2
What is the units digit of 74513?
3
What is the units digit of 3751973?
3
What is the units digit of 406075?
5
What is the hundreds digit of 148855?
8
What is the hundreds digit of 17197090?
0
